f x?
29
Let p(w) = 574*w - 56. List the prime factors of p(4).
2, 5, 7
Let r = -24 - -28. Suppose 260 = r*k + 2*u, 3*k + u = 2*k + 64. What are the prime factors of k?
2, 3, 11
Let h = 20 + -20. Suppose 2*t + 14 - 226 = h. List the prime factors of t.
2, 53
Suppose 0 = 5*z + 870 - 7845. List the prime factors of z.
3, 5, 31
Let w(z) = z**3 - 3*z**2 - 4*z + 2. Let f be w(4). Suppose 4*q + f*x - 8 = 0, 4*q = -x - 3*x + 8. What are the prime factors of q?
2
Suppose -k - 2 = 1, -3*c + 1812 = -5*k. Suppose 4*r - c = 161. What are the prime factors of r?
2, 5, 19
Let d = 1790 - 1545. List the prime factors of d.
5, 7
Suppose -3*h = 2*h - 5*y - 30, -y = 4. Suppose -2*f - h*f + 8 = 0. Suppose -m - f*u + 5 = -0, -m - 5*u = 10. List the prime factors of m.
3, 5
Suppose -4*a - 4*i = a - 84, 2*a - 30 = 2*i. Let c(n) = -n**3 + 7*n**2 + 3*n - 6. Let g be c(4). Let v = g - a. List the prime factors of v.
2, 19
Let t be (-5 + 5)*(-2)/8. Let a(k) = 11*k**2 + 13 - k + 8 - 6 + t - k**3. List the prime factors of a(11).
2
Let n = -2997 + 6068. What are the prime factors of n?
37, 83
Let f(y) = y + 25. Suppose -2 - 7 = 3*o, 2*o + 20 = w. What are the prime factors of f(w)?
3, 13
Suppose -1031 = -3*m - j, j + 3 = 5. List the prime factors of m.
7
Let w = 216 - -234. List the prime factors of w.
2, 3, 5
List the prime factors of (-97)/(-5 - (10/5 - 6)).
97
Suppose 0 = 15*h - 10*h - 3420. What are the prime factors of h?
2, 3, 19
Let o(j) = 120*j**2 - 10*j + 17. What are the prime factors of o(2)?
3, 53
Let l be 4/6 + 5*(-10)/(-15). Suppose -s - 4*d = 2*s - 48, 9 = s - d. Suppose l*q - 200 = s. List the prime factors of q.
53
Let a = 6 + -3. Suppose 2*q - q = -a. Let b = 23 + q. List the prime factors of b.
2, 5
Let a(z) = -z**2 + 23*z - 63. What are the prime factors of a(14)?
3, 7
Suppose 0*g - 27 = -3*g. Let j(a) = -a**2 + 5*a - 5. Let d be j(g). Let z = -18 - d. What are the prime factors of z?
23
Let f(y) = 6*y**2 - y. Let o be f(1). Suppose 3*l - 869 = -o*b + 5*l, 2*b + l - 344 = 0. What are the prime factors of b?
173
Let w(r) = -6*r - 2*r**2 + 7 + 8*r**2 - 2 + r**2 - r**3. Let y be w(6). Suppose 39 + 49 = 4*m + o, -y*m - 2*o = -113. What are the prime factors of m?
3, 7
Let n(i) = -25*i + 10. Let z be n(-6). Let u(c) = -2*c**2 + 2*c + 10. Let y be u(-7). Let s = y + z. List the prime factors of s.
2, 29
Let q(o) = 4*o - 30. Let k be q(9). Suppose 4*y - k*r + r - 161 = 0, 151 = 4*y - 3*r. List the prime factors of y.
2, 17
Let x(i) = 4*i**2 + 17*i - 5. Let g be x(-5). Let p(z) = z**3 - 8*z**2 - z - 19. What are the prime factors of p(g)?
3, 19
Suppose -25*v = -81*v + 81872. List the prime factors of v.
2, 17, 43
Let m be (-4)/(-6)*(-3987)/2. List the prime factors of (-20)/(-110) + m/(-11).
11
Let r be 2 - (4 + 0 + 128). Let h = -52 - r. List the prime factors of h.
2, 3, 13
Let f(n) = -6*n**2 - n + 19. Let r be f(-13). List the prime factors of 3/(-15) + r/(-10).
2, 7
Suppose 0 = -4*y + 2*l - 254, -4*l + 7 = -3*y - 181. List the prime factors of (-3 + 3 - y) + -2.
2, 31
Suppose -14 = 3*b - 5, 2*a - 188 = 4*b. What are the prime factors of (-4)/22 - (-544)/a?
2, 3
Suppose 32*r - 5*r - 77328 = 0. What are the prime factors of r?
2, 179
Let f = 1280 - 713. What are the prime factors of f?
3, 7
Let v(y) = y**3 + 18*y**2 + 10*y - 29. What are the prime factors of v(-10)?
11, 61
Suppose -3*v + 2*a + 675 = 5*a, -5*v + a = -1137. What are the prime factors of v?
227
Let m(x) = -5*x**2 + 11*x - 20. Let u be m(7). Let l = u - -283. List the prime factors of l.
5, 19
Let k be (32/(-10))/(8/(-40)). Suppose 0 = 2*r - k. Suppose -r = 5*t - 78. List the prime factors of t.
2, 7
Suppose 3*r + m = 5130, 36*m - 34*m - 6 = 0. What are the prime factors of r?
1709
Suppose 29 - 44 = 5*w, -4*n - 5*w + 15177 = 0. What are the prime factors of n?
2, 3, 211
Suppose 0 = -8*k - 1310 + 4902. What are the prime factors of k?
449
Suppose 2*t = -4*u + 958, -3*u - 4*t + 691 = -8*t. List the prime factors of u.
3, 79
Let d = 1653 - -889. What are the prime factors of d?
2, 31, 41
Let d(p) = 14*p**2 + 8. Let z(q) = -15*q**2 + 2*q - 7. Let s(k) = -2*d(k) - 3*z(k). What are the prime factors of s(1)?
2
Let w be 2/(-10) + 198/90. Suppose -3*i - 13 = -w*a, 18 = -3*i - a + 4*a. List the prime factors of -4*(-3 + i/2).
2, 7
Let v(p) = 44*p**2. Let n be v(1). Suppose -5*x + 14 = 2*k - n, -5*x + 39 = k. Suppose 3*o - 4*m = k + 19, o + 4*m - 2 = 0. List the prime factors of o.
2, 5
Let o = 57 - 22. Suppose -4*a = 4*y + 40, 0 = 2*a - 0*a + 3*y + 17. Let n = a + o. What are the prime factors of n?
2, 11
Let t(p) = p**2 + 6*p - 1. Let i be t(-7). Let h(u) = -15 + 21*u - i*u + u**2 + u. What are the prime factors of h(-18)?
3, 7
Let b = 101 + -158. Suppose 0 = 2*t - 3*r + 50, r = -3*t - 37 - 27. Let i = t - b. List the prime factors of i.
5, 7
Let u(s) = -4*s - 23. Let d(n) = 7*n + 47. Let p(l) = -l**2 - 8*l - 2. Let a be p(-7). Let j(k) = a*u(k) + 3*d(k). What are the prime factors of j(0)?
2, 13
Let c = -1 - -6. Suppose -c*o = 2*v - 2, 3*o = -v + 2 - 0. Suppose 4*f + 269 = 2*x + 3*x, o*f = 3*x - 161. List the prime factors of x.
53
Let d(q) = q**2 + q + 4. Let v be d(0). Suppose -3*w = -v*w - 4. Let b = w + 10. What are the prime factors of b?
2, 3
Let k be (-13*4)/((-7)/(-14)). Let o = k + 220. Suppose -3*z + o = 26. What are the prime factors of z?
2, 3, 5
Suppose -5*m + 4*m = -2. Suppose 3*k + m*q = q + 321, 0 = k + 3*q - 115. Suppose 29*s + k = 31*s. What are the prime factors of s?
53
Let y(c) = 52*c + 399. What are the prime factors of y(62)?
3623
Let a = 39 + -43. List the prime factors of (240/(-35))/(a/28).
2, 3
Suppose 4 = 4*d - 16. What are the prime factors of 90 - d/10*0?
2, 3, 5
Suppose -236 = -5*f - w, -74 - 112 = -4*f + 2*w. Let r = 167 - f. Suppose r = -p + 6*p. What are the prime factors of p?
2, 3
Suppose 2020 = 36*g - 31*g. What are the prime factors of g?
2, 101
Suppose -f = 2*o - 9, 0 = -4*f + o - 4 - 5. What are the prime factors of (323/76)/(f/(-4))?
17
Let a = 3 + -4. Let g(h) be the second derivative of -23*h**5/20 - h**3/3 - h**2/2 - 51*h. What are the prime factors of g(a)?
2, 3
Let h = 12 - 7. Suppose 3*q - 18 = -2*q - b, 2*q + h*b = 21. Suppose 2*c = q*s + 8, 12 = 4*c - c - 2*s. List the prime factors of c.
2
Let v = -13 + -23. Suppose 9 = 3*d, -8*d + 53 = -g - 13*d. Let c = v - g. List the prime factors of c.
2
Let y be 18/8 + 9/(-36). Let z(n) = -3*n**y + n - 13*n**3 - 4 + 15*n**3 - 2*n. List the prime factors of z(3).
2, 5
Let a(d) = -d. Let m be a(-2). Let h be -1 - (-10)/(m - 0). Suppose -140 = -2*l - 4*q, 9*l + q - 386 = h*l. What are the prime factors of l?
2, 3, 13
Let i(q) be the second derivative of -3*q**2 + 0 - 5*q + 1/12*q**4 - 1/2*q**3. List the prime factors of i(7).
2, 11
Let d(h) = 44*h - 82. What are the prime factors of d(6)?
2, 7, 13
Suppose 26*f + 4*i - 1790 = 25*f, -f + 5*i + 1799 = 0. What are the prime factors of f?
2, 3, 13, 23
Let k(c) = -c**2 + 5*c - 3. Let f(p) = p. Let l(o) = f(o) - k(o). List the prime factors of l(4).
3
Let g(m) = m**2 + 9*m - 23. Let k be g(-11). List the prime factors of (-1 - -90) + (1 - k - 1).
2, 3, 5
Let m = -573 - -2871. What are the prime factors of m?
2, 3, 383
Let b be 13/4 + (-11)/44. Let o = -2 - b. Let h(g) = g**3 + 5*g**2 - 4*g - 3. List the prime factors of h(o).
17
Let o(v) = -v**3 - 9*v**2 - 11*v - 10. Let g be o(-8). Suppose 0 = -10*n + g*n - 12. Suppose f + 3*j - j = 65, 2*f + n*j = 129. What are the prime factors of f?
3, 7
Let f = -19 + 19. Suppose 9*k - 1284 - 381 = f. What are the prime factors of k?
5, 37
Let w = 67 + -57. What are the prime factors of 1/(-3)*-1*(w + 257)?
89
Let m(g) = -91*g - 4. Let x be m(2). Let i = -43 - x. List the prime factors of i.
11, 13
Let v = -40 + 42. Suppose 2*y + v*d - 14 = 0, 0*y - 12 = -y - 2*d. What are the prime factors of y?
2
Suppose t + 101 = b, -101 = -5*b + 4*b + 4*t. Suppose 4 = 3*j - 8. Suppose -2*c = 3*d - 2*d - 41, -b = -5*c - j*d. List the prime factors of c.
3, 7
Let o be (6 + 1)*(-12)/(-14). Let n(z) = z**3 - 5*z**2 - 5*z + 9. Let j be n(o). Let r = j + -13. What are the prime factors of r?
2
Suppose -8*v + 2866 = -1262. List the prime factors of v.
2, 3, 43
Let g = -431 + 688. List the prime factors of g.
257
Let x = 4367 - 2525. Let p = 3504 - x. L